{"id":71,"date":"2015-03-03T21:37:45","date_gmt":"2015-03-03T21:37:45","guid":{"rendered":"http:\/\/mehr-spielraum.com\/?page_id=71"},"modified":"2021-02-07T09:21:02","modified_gmt":"2021-02-07T09:21:02","slug":"theater-ag","status":"publish","type":"page","link":"http:\/\/mehr-spielraum.com\/?page_id=71","title":{"rendered":"Theater AG"},"content":{"rendered":"<p><a href=\"http:\/\/mehr-spielraum.com\/wp-content\/uploads\/2015\/03\/DSC_0164-2.jpg\"><img decoding=\"async\" loading=\"lazy\" class=\"aligncenter wp-image-498 size-large\" src=\"http:\/\/mehr-spielraum.com\/wp-content\/uploads\/2015\/03\/DSC_0164-2-1024x685.jpg\" alt=\"DSC_0164 (2)\" width=\"1024\" height=\"685\" srcset=\"http:\/\/mehr-spielraum.com\/wp-content\/uploads\/2015\/03\/DSC_0164-2-1024x685.jpg 1024w, http:\/\/mehr-spielraum.com\/wp-content\/uploads\/2015\/03\/DSC_0164-2-300x201.jpg 300w\" sizes=\"(max-width: 1024px) 100vw, 1024px\" \/><\/a><\/p>\n<p>&nbsp;<\/p>\n<p style=\"text-align: center;\">\u00a0<strong><span style=\"color: #ff0000;\">Schultheater f\u00fcr <\/span><\/strong><\/p>\n<p style=\"text-align: center;\"><strong><span style=\"color: #ff0000;\">Protagonisten,\u00a0<\/span><\/strong><strong><span style=\"color: #ff0000;\">Statisten und Dramaqueens.<\/span><\/strong><\/p>\n<hr \/>\n<p style=\"text-align: center;\"><span style=\"color: #000080;\">Sie m\u00f6chten Ihre Sch\u00fclerInnen nicht nur rezeptiv an Kunst und Kultur teilhaben lassen, sondern auch produktiv? Sie m\u00f6chten Ihnen einen <strong><span style=\"color: #ff0000;\">Spielraum geben<\/span><\/strong>\u00a0um\u00a0Ihre pers\u00f6nlichen, sozialen und k\u00fcnstlerischen Kompetenzen zu entdecken und zu f\u00f6rdern?<\/span><\/p>\n<hr \/>\n<p style=\"text-align: center;\">\n<p style=\"text-align: center;\"><span style=\"color: #000080;\">Gerne unterst\u00fctze ich Sie mit der Leitung Ihrer Theater AG. <\/span><\/p>\n<p style=\"text-align: center;\"><span style=\"color: #000080;\">Im w\u00f6chentlichen Rhythmus komme ich zu Ihnen in die Schule <\/span><\/p>\n<p style=\"text-align: center;\"><span style=\"color: #000080;\">um zusammen mit den Kindern oder Jugendlichen <span style=\"color: #ff0000;\"><strong>ein Theaterst\u00fcck zu entwickeln<\/strong><\/span>.<\/span><\/p>\n<hr \/>\n<p style=\"text-align: center;\"><span style=\"color: #000080;\">Dabei ist es mir wichtig das die Teilnehmer ihre Sicht auf das Thema, <\/span><\/p>\n<p style=\"text-align: center;\"><span style=\"color: #000080;\">das St\u00fcck und <\/span><span style=\"color: #000080;\"><strong><span style=\"color: #ff0000;\">ihre Ideen einbringen k\u00f6nnen<\/span><\/strong>, darin gef\u00f6rdert und best\u00e4rkt werden.<\/span><\/p>\n<p style=\"text-align: center;\"><span style=\"color: #000080;\">\u00a0Neugierig geworden?\u00a0Kontaktieren Sie mich f\u00fcr ein unverbindliches Beratungsgespr\u00e4ch.<\/span><\/p>\n","protected":false},"excerpt":{"rendered":"<p>&nbsp; \u00a0Schultheater f\u00fcr Protagonisten,\u00a0Statisten und Dramaqueens. Sie m\u00f6chten Ihre Sch\u00fclerInnen nicht nur rezeptiv an Kunst und Kultur teilhaben lassen, sondern auch produktiv? Sie m\u00f6chten Ihnen einen Spielraum geben\u00a0um\u00a0Ihre pers\u00f6nlichen, sozialen und k\u00fcnstlerischen Kompetenzen zu entdecken und zu f\u00f6rdern? Gerne unterst\u00fctze ich Sie mit der Leitung Ihrer Theater AG. Im w\u00f6chentlichen Rhythmus komme ich zu Ihnen [&hellip;]<\/p>\n","protected":false},"author":1,"featured_media":0,"parent":0,"menu_order":0,"comment_status":"closed","ping_status":"closed","template":"","meta":[],"_links":{"self":[{"href":"http:\/\/mehr-spielraum.com\/index.php?rest_route=\/wp\/v2\/pages\/71"}],"collection":[{"href":"http:\/\/mehr-spielraum.com\/index.php?rest_route=\/wp\/v2\/pages"}],"about":[{"href":"http:\/\/mehr-spielraum.com\/index.php?rest_route=\/wp\/v2\/types\/page"}],"author":[{"embeddable":true,"href":"http:\/\/mehr-spielraum.com\/index.php?rest_route=\/wp\/v2\/users\/1"}],"replies":[{"embeddable":true,"href":"http:\/\/mehr-spielraum.com\/index.php?rest_route=%2Fwp%2Fv2%2Fcomments&post=71"}],"version-history":[{"count":11,"href":"http:\/\/mehr-spielraum.com\/index.php?rest_route=\/wp\/v2\/pages\/71\/revisions"}],"predecessor-version":[{"id":816,"href":"http:\/\/mehr-spielraum.com\/index.php?rest_route=\/wp\/v2\/pages\/71\/revisions\/816"}],"wp:attachment":[{"href":"http:\/\/mehr-spielraum.com\/index.php?rest_route=%2Fwp%2Fv2%2Fmedia&parent=71"}],"curies":[{"name":"wp","href":"https:\/\/api.w.org\/{rel}","templated":true}]}}