{"id":65,"date":"2015-03-03T21:20:53","date_gmt":"2015-03-03T21:20:53","guid":{"rendered":"http:\/\/mehr-spielraum.com\/?page_id=65"},"modified":"2021-02-07T09:24:53","modified_gmt":"2021-02-07T09:24:53","slug":"theater-im-gottesdienst","status":"publish","type":"page","link":"http:\/\/mehr-spielraum.com\/?page_id=65","title":{"rendered":"Theater im Gottesdienst"},"content":{"rendered":"<p>&nbsp;<\/p>\n<p>&nbsp;<\/p>\n<p>&nbsp;<\/p>\n<p>&nbsp;<\/p>\n<p style=\"text-align: center;\"><span style=\"color: #000080;\"><a href=\"http:\/\/mehr-spielraum.com\/wp-content\/uploads\/2015\/05\/IMG_9946.jpg\"><br \/>\n<\/a><strong><span style=\"color: #ff0000;\">Theater ist ein wunderbares Medium <\/span><\/strong><\/span><\/p>\n<p style=\"text-align: center;\"><strong><span style=\"color: #000080;\"><span style=\"color: #ff0000;\">welches mittels szenischer Darstellung <\/span><\/span><\/strong><\/p>\n<p style=\"text-align: center;\"><strong><span style=\"color: #000080;\"><span style=\"color: #ff0000;\">zwischen Darsteller und Zuschauer vermittelt.<\/span><\/span><\/strong><\/p>\n<p>&nbsp;<\/p>\n<p><a href=\"http:\/\/mehr-spielraum.com\/wp-content\/uploads\/2015\/05\/IMG_9946.jpg\"><img decoding=\"async\" loading=\"lazy\" class=\"aligncenter size-large wp-image-432\" src=\"http:\/\/mehr-spielraum.com\/wp-content\/uploads\/2015\/05\/IMG_9946-1024x664.jpg\" alt=\"IMG_9946\" width=\"1024\" height=\"664\" srcset=\"http:\/\/mehr-spielraum.com\/wp-content\/uploads\/2015\/05\/IMG_9946-1024x664.jpg 1024w, http:\/\/mehr-spielraum.com\/wp-content\/uploads\/2015\/05\/IMG_9946-300x195.jpg 300w\" sizes=\"(max-width: 1024px) 100vw, 1024px\" \/><\/a><\/p>\n<hr \/>\n<p>&nbsp;<\/p>\n<p><span style=\"color: #000080; font-weight: inherit;\">Eingesetzt im Gottesdienst spricht die darstellende Kunst auf einer andere Weise\u00a0zu uns als die Worte einer Predigt.<\/span><\/p>\n<hr \/>\n<p>&nbsp;<\/p>\n<p><span style=\"color: #000080;\">Theater spricht durch Formen, Bilder, Atmosph\u00e4re und Figuren. Diese \u00e4sthetische Sprache ber\u00fchrt unsere Sinne.\u00a0So kann die Kombination aus Predigt und Theater im Gottesdienst zu einer <span style=\"color: #ff0000;\">ganzheitlichen Betrachtung des Themas beitragen.<\/span><\/span><\/p>\n<hr \/>\n<p>&nbsp;<\/p>\n<p><span style=\"color: #000080;\">Neugierig?<\/span><\/p>\n<p><span style=\"color: #000080;\">Folgende Angebote kann ich Ihnen bieten:<\/span><\/p>\n<ul>\n<li><span style=\"color: #000080;\">Eint\u00e4giger Workshop: Theaterarbeit in Kirche &amp; Gemeinde.<\/span><\/li>\n<li><span style=\"color: #000080;\">Inszenierung: Erarbeitung eines Minidramas f\u00fcr den n\u00e4chsten Gottesdienst<\/span><\/li>\n<li><span style=\"color: #000080;\">Inszenierung: Chorisches Theater: Dramatisierung eines Bibeltextes mit einem Theaterchor<\/span><\/li>\n<li><span style=\"color: #000080;\">Starthilfe f\u00fcr die Theatergruppe in der Gemeinde<\/span><\/li>\n<\/ul>\n","protected":false},"excerpt":{"rendered":"<p>&nbsp; &nbsp; &nbsp; &nbsp; Theater ist ein wunderbares Medium welches mittels szenischer Darstellung zwischen Darsteller und Zuschauer vermittelt. &nbsp; &nbsp; Eingesetzt im Gottesdienst spricht die darstellende Kunst auf einer andere Weise\u00a0zu uns als die Worte einer Predigt. &nbsp; Theater spricht durch Formen, Bilder, Atmosph\u00e4re und Figuren. Diese \u00e4sthetische Sprache ber\u00fchrt unsere Sinne.\u00a0So kann die Kombination [&hellip;]<\/p>\n","protected":false},"author":1,"featured_media":0,"parent":0,"menu_order":0,"comment_status":"closed","ping_status":"closed","template":"","meta":[],"_links":{"self":[{"href":"http:\/\/mehr-spielraum.com\/index.php?rest_route=\/wp\/v2\/pages\/65"}],"collection":[{"href":"http:\/\/mehr-spielraum.com\/index.php?rest_route=\/wp\/v2\/pages"}],"about":[{"href":"http:\/\/mehr-spielraum.com\/index.php?rest_route=\/wp\/v2\/types\/page"}],"author":[{"embeddable":true,"href":"http:\/\/mehr-spielraum.com\/index.php?rest_route=\/wp\/v2\/users\/1"}],"replies":[{"embeddable":true,"href":"http:\/\/mehr-spielraum.com\/index.php?rest_route=%2Fwp%2Fv2%2Fcomments&post=65"}],"version-history":[{"count":9,"href":"http:\/\/mehr-spielraum.com\/index.php?rest_route=\/wp\/v2\/pages\/65\/revisions"}],"predecessor-version":[{"id":819,"href":"http:\/\/mehr-spielraum.com\/index.php?rest_route=\/wp\/v2\/pages\/65\/revisions\/819"}],"wp:attachment":[{"href":"http:\/\/mehr-spielraum.com\/index.php?rest_route=%2Fwp%2Fv2%2Fmedia&parent=65"}],"curies":[{"name":"wp","href":"https:\/\/api.w.org\/{rel}","templated":true}]}}