{"id":165,"date":"2015-03-08T19:20:10","date_gmt":"2015-03-08T19:20:10","guid":{"rendered":"http:\/\/mehr-spielraum.com\/?page_id=165"},"modified":"2015-10-27T22:29:46","modified_gmt":"2015-10-27T22:29:46","slug":"jugendliche","status":"publish","type":"page","link":"http:\/\/mehr-spielraum.com\/?page_id=165","title":{"rendered":"Jugendliche"},"content":{"rendered":"<p><span style=\"color: #000080;\"><a href=\"http:\/\/mehr-spielraum.com\/wp-content\/uploads\/2015\/04\/bitte-lachen.png\"><img decoding=\"async\" loading=\"lazy\" class=\"  wp-image-359 alignleft\" src=\"http:\/\/mehr-spielraum.com\/wp-content\/uploads\/2015\/04\/bitte-lachen-272x300.png\" alt=\"bitte lachen\" width=\"204\" height=\"225\" srcset=\"http:\/\/mehr-spielraum.com\/wp-content\/uploads\/2015\/04\/bitte-lachen-272x300.png 272w, http:\/\/mehr-spielraum.com\/wp-content\/uploads\/2015\/04\/bitte-lachen-929x1024.png 929w, http:\/\/mehr-spielraum.com\/wp-content\/uploads\/2015\/04\/bitte-lachen.png 1517w\" sizes=\"(max-width: 204px) 100vw, 204px\" \/><\/a><strong>Deine Geburtstagsparty soll unvergesslich werden <\/strong><\/span><\/p>\n<p><strong><span style=\"color: #000080;\">und um ein kreatives, k\u00fcnstlerisches Element reicher? <\/span><\/strong><\/p>\n<p><strong><span style=\"color: #000080;\">Wie w\u00e4re es mit einer Theaterwerkstatt?<\/span><\/strong><\/p>\n<hr \/>\n<p>&nbsp;<\/p>\n<p><strong><span style=\"color: #ff0000;\">Theater verbindet. <\/span><\/strong><\/p>\n<p><strong><span style=\"color: #ff0000;\">Theater unterh\u00e4lt. <\/span><\/strong><\/p>\n<p><strong><span style=\"color: #ff0000;\">Theater fordert dich kreativ heraus. <\/span><\/strong><\/p>\n<p><strong><span style=\"color: #ff0000;\">Theater macht Spa\u00df.<\/span><\/strong><\/p>\n<hr \/>\n<p>&nbsp;<\/p>\n<p><span style=\"color: #000080;\">F\u00fcr Jugendliche\/ Junge Erwachsene (13 \u2013 29 Jahre)\u00a0 <\/span><\/p>\n<p><span style=\"color: #000080;\">biete ich eine dreist\u00fcndige Theaterwerkstatt an <\/span><\/p>\n<p><span style=\"color: #000080;\">mit dem Schwerpunkt Impro-Theater.<\/span><\/p>\n<hr \/>\n<p>&nbsp;<\/p>\n<p><span style=\"color: #000080;\"><strong>Teilnehmeranzahl:<\/strong> Mind. 5 G\u00e4ste \u2013 max. 20 G\u00e4ste<\/span><\/p>\n<p><span style=\"color: #000080;\"><strong>Voraussetzung:<\/strong> Raum der genug Bewegungsfreiheit bietet.<\/span><\/p>\n<p><span style=\"color: #000080;\"><strong>Kosten:<\/strong> pro Gast 7,50 \u20ac<\/span><\/p>\n<hr \/>\n<p>&nbsp;<\/p>\n<p><span style=\"color: #000080;\">Neugierig?<\/span><\/p>\n<p><span style=\"color: #000080;\">Dann melde dich bei mir und wir k\u00f6nnen die Details f\u00fcr deine Geburtstagsparty besprechen.<\/span><\/p>\n<p><span style=\"color: #000080;\">Hier findest du die Buchungsunterlagen<\/span><\/p>\n<p><a href=\"http:\/\/mehr-spielraum.com\/wp-content\/uploads\/2015\/03\/Buchung-Geburtstags-Theaterwerkstatt.pdf\">Buchung &#8211; Geburtstags Theaterwerkstatt<\/a><\/p>\n","protected":false},"excerpt":{"rendered":"<p>Deine Geburtstagsparty soll unvergesslich werden und um ein kreatives, k\u00fcnstlerisches Element reicher? Wie w\u00e4re es mit einer Theaterwerkstatt? &nbsp; Theater verbindet. Theater unterh\u00e4lt. Theater fordert dich kreativ heraus. Theater macht Spa\u00df. &nbsp; F\u00fcr Jugendliche\/ Junge Erwachsene (13 \u2013 29 Jahre)\u00a0 biete ich eine dreist\u00fcndige Theaterwerkstatt an mit dem Schwerpunkt Impro-Theater. &nbsp; Teilnehmeranzahl: Mind. 5 G\u00e4ste [&hellip;]<\/p>\n","protected":false},"author":1,"featured_media":0,"parent":0,"menu_order":0,"comment_status":"closed","ping_status":"closed","template":"","meta":[],"_links":{"self":[{"href":"http:\/\/mehr-spielraum.com\/index.php?rest_route=\/wp\/v2\/pages\/165"}],"collection":[{"href":"http:\/\/mehr-spielraum.com\/index.php?rest_route=\/wp\/v2\/pages"}],"about":[{"href":"http:\/\/mehr-spielraum.com\/index.php?rest_route=\/wp\/v2\/types\/page"}],"author":[{"embeddable":true,"href":"http:\/\/mehr-spielraum.com\/index.php?rest_route=\/wp\/v2\/users\/1"}],"replies":[{"embeddable":true,"href":"http:\/\/mehr-spielraum.com\/index.php?rest_route=%2Fwp%2Fv2%2Fcomments&post=165"}],"version-history":[{"count":9,"href":"http:\/\/mehr-spielraum.com\/index.php?rest_route=\/wp\/v2\/pages\/165\/revisions"}],"predecessor-version":[{"id":610,"href":"http:\/\/mehr-spielraum.com\/index.php?rest_route=\/wp\/v2\/pages\/165\/revisions\/610"}],"wp:attachment":[{"href":"http:\/\/mehr-spielraum.com\/index.php?rest_route=%2Fwp%2Fv2%2Fmedia&parent=165"}],"curies":[{"name":"wp","href":"https:\/\/api.w.org\/{rel}","templated":true}]}}